hat is -623 (base 8) in base 12?
-297
Convert -406 (base 8) to base 11.
-219
What is -2102000100 (base 3) in base 15?
-e099
Convert b71 (base 15) to base 16.
a15
Convert -31aa (base 13) to base 15.
-20a0
What is -100200100 (base 3) in base 16?
-1b90
What is 21110 (base 4) in base 14?
308
Convert 11000 (base 3) to base 8.
154
What is 11011100011110 (base 2) in base 13?
6565
Convert -2322 (base 6) to base 4.
-20222
-2222 (base 5) to base 12
-220
254626 (base 7) to base 15
e03a
Convert -200115 (base 6) to base 7.
-63323
Convert -4142 (base 7) to base 8.
-2653
What is -1320 (base 9) in base 7?
-2613
What is -134 (base 8) in base 9?
-112
What is -142205 (base 6) in base 9?
-20425
-1010101011111011 (base 2) to base 12
-213b7
What is -9800 (base 12) in base 16?
-4140
11ac5 (base 15) to base 7
323351
-a52 (base 13) to base 15
-7c2
What is -10413 (base 9) in base 6?
-51533
Convert -217e (base 15) to base 7.
-26453
2157 (base 9) to base 15
711
-19586 (base 10) to base 12
-b402
What is -3167 (base 12) in base 5?
-133112
-11101111000101 (base 2) to base 11
-10550
-a316 (base 12) to base 9
-26280
30201 (base 5) to base 12
1146
What is 2102030 (base 4) in base 9?
13745
Convert 1020002122 (base 3) to base 7.
130226
Convert -1421 (base 7) to base 11.
-464
What is -1000011111101111 (base 2) in base 5?
-2103144
-275 (base 8) to base 11
-162
Convert -3055 (base 12) to base 7.
-21206
What is -23100 (base 4) in base 13?
-435
-1434 (base 12) to base 14
-bd6
What is 17161 (base 9) in base 7?
46255
Convert -30 (base 16) to base 3.
-1210
What is -6856 (base 9) in base 10?
-5073
What is -2361 (base 7) in base 8?
-1554
10010001 (base 2) to base 13
b2
Convert -3576 (base 13) to base 10.
-7533
What is -4245 (base 7) in base 2?
-10111011111
What is 140150 (base 6) in base 4?
3023202
Convert 114 (base 14) to base 15.
e4
290a3 (base 11) to base 14
11114
-1468 (base 12) to base 11
-1878
Convert 4a2 (base 16) to base 9.
1557
-11012 (base 3) to base 7
-221
What is 44980 (base 10) in base 14?
1256c
What is 62808 (base 9) in base 7?
231635
What is 462 (base 11) in base 10?
552
-349 (base 16) to base 4
-31021
1634 (base 8) to base 3
1021020
Convert 6a3 (base 11) to base 2.
1101000111
-6b77 (base 15) to base 12
-11271
Convert -26463 (base 8) to base 2.
-10110100110011
Convert -392d (base 14) to base 15.
-2e92
What is -11213 (base 6) in base 9?
-2160
What is -111101110 (base 2) in base 9?
-608
2304 (base 11) to base 10
3029
Convert -8a (base 13) to base 2.
-1110010
Convert 3b5b (base 12) to base 7.
25640
Convert 6825 (base 14) to base 12.
a555
What is -20663 (base 8) in base 13?
-3c08
Convert 2332414 (base 5) to base 13.
1667b
Convert 55 (base 15) to base 2.
1010000
100010 (base 3) to base 14
138
Convert -2d98 (base 16) to base 9.
-17008
-62c (base 14) to base 2
-10011000000
What is 16026 (base 7) in base 11?
3402
10001111 (base 2) to base 12
bb
202a (base 12) to base 13
1786
What is -5288 (base 9) in base 10?
-3887
e65 (base 15) to base 12
1a65
Convert 56b6 (base 13) to base 4.
2331310
What is -486 (base 12) in base 2?
-1010100110
4e9b (base 15) to base 6
205432
Convert 21002 (base 6) to base 16.
afa
What is -20113 (base 5) in base 14?
-679
131 (base 9) to base 13
85
Convert -545 (base 6) to base 11.
-180
What is 4110 (base 8) in base 4?
201020
3416 (base 7) to base 4
103112
What is -1120212 (base 3) in base 10?
-1157
What is 28 (base 12) in base 5?
112
What is 45036 (base 8) in base 11?
1328a
What is 1222223 (base 4) in base 13?
3152
-310321 (base 6) to base 7
-132100
Convert -282 (base 15) to base 10.
-572
-5324 (base 12) to base 9
-13431
Convert -5334 (base 7) to base 6.
-12423
What is 1039 (base 12) in base 9?
2380
-3364 (base 7) to base 10
-1222
539 (base 13) to base 3
1020002
What is 274 (base 12) in base 13?
22c
What is -51633 (base 7) in base 15?
-3b46
Convert 3430 (base 5) to base 3.
200011
What is 43026 (base 7) in base 8?
24635
What is -730a (base 12) in base 3?
-122012101
What is 312 (base 8) in base 7?
406
Convert 171 (base 13) to base 5.
2021
What is 817 (base 10) in base 13?
4ab
Convert 2146 (base 8) to base 4.
101212
Convert 2186 (base 12) to base 6.
25050
-788d (base 16) to base 15
-9226
Convert 667 (base 9) to base 13.
331
313401 (base 5) to base 15
3186
Convert c1 (base 15) to base 13.
10c
What is 10010011001 (base 2) in base 16?
499
Convert -660 (base 13) to base 12.
-770
15 (base 6) to base 10
11
Convert 102212011 (base 3) to base 6.
104004
-13129 (base 10) to base 14
-4adb
Convert -1988 (base 10) to base 2.
-11111000100
-22283 (base 9) to base 15
-45cc
Convert -2012220 (base 3) to base 5.
-22432
Convert -64e (base 16) to base 6.
-11250
What is 110101110001 (base 2) in base 14?
137b
Convert -8599 (base 10) to base 4.
-2012113
Convert -102101102 (base 3) to base 9.
-12342
312323 (base 4) to base 8
6673
11204 (base 5) to base 11
671
-100212 (base 6) to base 9
-11688
Convert -2311013 (base 4) to base 11.
-8788
963 (base 14) to base 2
11100111011
1978 (base 13) to base 4
323221
What is 5d2 (base 14) in base 8?
2214
What is -27d (base 16) in base 11?
-52a
Convert -56567 (base 10) to base 4.
-31303313
Convert -234103 (base 5) to base 9.
-12774
Convert -103040 (base 5) to base 16.
-dc0
2020430 (base 5) to base 8
77547
Convert -c03 (base 14) to base 3.
-10020020
Convert 278 (base 10) to base 14.
15c
What is -15346 (base 9) in base 11?
-7978
1154 (base 8) to base 13
389
-1112022202 (base 3) to base 6
-351245
What is -3720 (base 13) in base 10?
-7800
What is -3178 (base 10) in base 15?
-e1d
37865 (base 10) to base 2
1001001111101001
What is 2021201210 (base 3) in base 5?
2420003
What is 1750b (base 13) in base 11?
30724
What is 16724 (base 11) in base 13?
a909
Convert -2579 (base 13) to base 9.
-7282
12735 (base 16) to base 10
75573
Convert -41141 (base 7) to base 15.
-2e85
What is 2190 (base 10) in base 8?
4216
Convert -16145 (base 7) to base 14.
-1925
Convert 19609 (base 11) to base 5.
1333410
Convert 5488 (base 9) to base 14.
1693
Convert 111002101 (base 3) to base 16.
2545
7f36 (base 16) to base 5
2020231
Convert -22102 (base 3) to base 13.
-146
Convert 57748 (base 9) to base 13.
146c0
21212 (base 3) to base 13
134
57788 (base 10) to base 15
121c8
Convert -cc (base 16) to base 2.
-11001100
Convert -4368 (base 15) to base 10.
-14273
Convert 10011001000110011 (base 2) to base 6.
1402523
Convert 6808 (base 11) to base 4.
2030002
Convert 12360 (base 8) to base 2.
1010011110000
Convert -221100 (base 3) to base 5.
-10214
76603 (base 8) to base 12
16717
Convert -178 (base 15) to base 4.
-11102
Convert -1612 (base 7) to base 5.
-10041
24632 (base 7) to base 5
201431
-22454 (base 6) to base 12
-1a2a
What is 347a (base 13) in base 4?
1303020
-2cc5 (base 16) to base 2
-10110011000101
Convert 153 (base 9) to base 7.
243
What is 1153 (base 8) in base 11?
513
Convert -52 (base 8) to base 4.
-222
What is -d26 (base 16) in base 11?
-2590
What is b5 (base 15) in base 2?
10101010
fe34 (base 16) to base 15
14436
Convert -6236 (base 10) to base 13.
-2ab9
-3515 (base 7) to base 12
-8b2
-606b (base 16) to base 3
-1020212012
1005 (base 7) to base 4
11130
Convert 11011111000 (base 2) to base 6.
12132
Convert -14420 (base 5) to base 16.
-4d3
-29677 (base 11) to base 9
-63635
Convert -2704 (base 11) to base 10.
-3513
Convert -81a1 (base 12) to base 8.
-33411
Convert 7173 (base 9) to base 12.
3056
46633 (base 9) to base 15
9359
Convert 10 (base 9) to base 7.
12
What is 2111 (base 3) in base 16?
43
-26675 (base 8) to base 2
-10110110111101
Convert -9 (base 14) to base 8.
-11
-1028 (base 9) to base 4
-23303
What is 483b (base 13) in base 9?
14872
Convert -a203 (base 12) to base 9.
-26083
Convert 3130 (base 6) to base 13.
420
What is -41243 (base 7) in base 5?
-310301
What is -8227 (base 11) in base 12?
-639b
Convert -1754 (base 11) to base 15.
-9e2
c2a9 (base 14) to base 5
2032334
6234 (base 8) to base 9
4376
What is 3103 (base 5) in base 4?
12103
-101111200 (base 3) to base 8
-16753
What is -10044 (base 5) in base 3?
-220001
Convert 30525 (base 7) to base 5.
214332
Convert -1008 (base 9) to base 3.
-1000022
Convert 5285 (base 11) to base 2.
1101101001110
What is 16042 (base 9) in base 2?
10101011011101
What is -12444 (base 9) in base 15?
-273d
What is 123 (base 13) in base 9?
240
-10312231